41 composite?
True
Is 284868223 composite?
False
Is 825954637 a composite number?
False
Is 188003171 prime?
True
Is 115559683 composite?
False
Is 65217704053 composite?
True
Is 9838378241 a prime number?
False
Is 689465843 a prime number?
False
Is 2390718737 composite?
True
Is 530063329 a prime number?
False
Is 273564881 composite?
True
Is 7215927221 prime?
True
Is 2058564767 composite?
True
Is 95661757 a composite number?
True
Is 1045144473 a prime number?
False
Is 9031208563 composite?
True
Is 7317315799 composite?
True
Is 6406241857 a composite number?
True
Is 10561837631 a composite number?
False
Is 2223186167 composite?
True
Is 56926151 a prime number?
True
Is 2325576521 prime?
True
Is 22801411993 prime?
False
Is 503673887 composite?
True
Is 211174008463 a prime number?
False
Is 7773853219 a prime number?
False
Is 63727891 composite?
False
Is 12181270099 a composite number?
False
Is 44522347333 composite?
False
Is 12934391999 composite?
True
Is 75395379937 prime?
False
Is 1729068643 prime?
False
Is 87576101 a composite number?
True
Is 68628208699 composite?
False
Is 14167877411 a composite number?
True
Is 44873044985 composite?
True
Is 41668806001 prime?
False
Is 120013644539 composite?
False
Is 765435511 a prime number?
False
Is 181958840681 prime?
True
Is 7253943467 a composite number?
False
Is 26834498533 a composite number?
True
Is 288274577 composite?
False
Is 1038809999 a composite number?
False
Is 9637282462 composite?
True
Is 81273581 a composite number?
False
Is 607751797 a composite number?
False
Is 34154012051 a composite number?
False
Is 107821919 a composite number?
False
Is 61941641 prime?
False
Is 411517363 composite?
True
Is 9168234247 composite?
True
Is 132849537 a composite number?
True
Is 1074317653 prime?
True
Is 1284294955 a composite number?
True
Is 33190352341 composite?
False
Is 9023895401 prime?
False
Is 10146279569 a prime number?
False
Is 2169621683 a composite number?
False
Is 66648654337 composite?
True
Is 1767583299 composite?
True
Is 1501731137 prime?
True
Is 402156389 a prime number?
True
Is 54887908117 a composite number?
True
Is 2991802153 a composite number?
False
Is 602385841 prime?
True
Is 380930419 composite?
True
Is 1488273991 a composite number?
True
Is 907144111 composite?
False
Is 2112121189 composite?
True
Is 26860519 a composite number?
True
Is 5961314881 composite?
False
Is 33962574031 a composite number?
False
Is 145236351773 composite?
False
Is 7551768821 a prime number?
True
Is 79008619 a prime number?
False
Is 224010073 a composite number?
True
Is 216619954 a prime number?
False
Is 8724742694 composite?
True
Is 14108537657 prime?
True
Is 7143285563 a composite number?
False
Is 203290135 prime?
False
Is 6214526807 a prime number?
True
Is 1782415399 composite?
False
Is 2385028457 a composite number?
True
Is 251792789 prime?
True
Is 4937883787 a prime number?
True
Is 5939812457 a prime number?
False
Is 1852117409 a composite number?
False
Is 65397617579 a prime number?
False
Is 972751733 a composite number?
False
Is 79487851 composite?
True
Is 2109085189 a prime number?
True
Is 4760684329 a prime number?
False
Is 1385264059 a prime number?
True
Is 690030343 a composite number?
True
Is 4465528231 a prime number?
False
Is 3409535941 composite?
True
Is 42066704847 a composite number?
True
Is 489048863 composite?
False
Is 1875387911 prime?
True
Is 129823776487 prime?
True
Is 1267185587 a composite number?
False
Is 361282267 a prime number?
False
Is 3076751981 a composite number?
False
Is 1493611499 a composite number?
False
Is 3474915779 a composite number?
False
Is 1102836899 a prime number?
True
Is 1215935759 prime?
True
Is 321176689 prime?
True
Is 12672113423 composite?
False
Is 121680112337 prime?
False
Is 12413877205 a composite number?
True
Is 11362442141 prime?
False
Is 821411813 composite?
False
Is 39561874171 a prime number?
False
Is 231611761 a prime number?
True
Is 26439323429 a prime number?
True
Is 1630106507 composite?
True
Is 4564379713 composite?
False
Is 1488944377 prime?
True
Is 4335599051 composite?
True
Is 862307819 a composite number?
True
Is 2108727809 a prime number?
True
Is 1704453757 a composite number?
True
Is 380131597 prime?
True
Is 8131400159 a composite number?
False
Is 81213357319 a composite number?
False
Is 286870111 a composite number?
True
Is 7487710889 composite?
False
Is 148533459 a composite number?
True
Is 8894689009 prime?
True
Is 641941957 a prime number?
False
Is 2827508363 prime?
True
Is 5659125067 a prime number?
False
Is 1409525749 prime?
False
Is 19908594617 a composite number?
True
Is 14526273659 a composite number?
False
Is 882895183 a prime number?
False
Is 5774802697 composite?
False
Is 17976915881 composite?
True
Is 9718990991 a composite number?
True
Is 680949616831 a composite number?
True
Is 14443807037 a composite number?
True
Is 1416489985 composite?
True
Is 91440667 composite?
False
Is 38786645041 a composite number?
False
Is 275981215 composite?
True
Is 15078001739 composite?
True
Is 3125549827 a prime number?
True
Is 1964489173 a composite number?
True
Is 72124721 composite?
False
Is 16060731461 prime?
True
Is 2250364093 prime?
True
Is 1506406199 a composite number?
True
Is 9455581 prime?
True
Is 2049832658 prime?
False
Is 3472341833 composite?
True
Is 3138012403 prime?
False
Is 111478665019 composite?
False
Is 13477695131 composite?
False
Is 47788312361 a composite number?
False
Is 314547881 prime?
False
Is 2444518705 prime?
False
Is 1523606541 a composite number?
True
Is 25173894233 prime?
True
Is 1464179131 composite?
False
Is 752831569 composite?
True
Is 5811477313 a composite number?
True
Is 20341022881 prime?
False
Is 25761601897 prime?
True
Is 38391068017 composite?
False
Is 37646679727 a composite number?
False
Is 6716625857 a prime number?
True
Is 89870113 prime?
True
Is 828787667 a composite number?
False
Is 574586461 a prime number?
True
Is 1098620527 a composite number?
True
Is 7034971891 prime?
False
Is 1179596359 a prime number?
False
Is 256165331 a composite number?
False
Is 190450297 a composite number?
True
Is 367053517 a prime number?
False
Is 98255081 a prime number?
False
Is 2370575317 a composite number?
True
Is 808401557 a composite number?
True
Is 174976829 a composite number?
True
Is 491869811 a prime number?
True
Is 493655611 prime?
False
Is 8772545641 a prime number?
True
Is 21178721441 a composite number?
False
Is 502362787 prime?
True
Is 10529948245 composite?
True
Is 3103006909 a prime number?
True
Is 54665232593 a prime number?
True
Is 132829691 a prime number?
True
Is 12763002169 a prime number?
True
Is 17587267231 a composite number?
True
Is 175611451 a composite number?
False
Is 115850083 a prime number?
False
Is 1338580319 prime?
True
Is 15598644011 prime?
False
Is 34444324283 composite?
True
Is 9376359217 a composite number?
True
Is 252888539 a composite number?
False
Is 36991469 a prime number?
False
Is 1515192391 prime?
True
Is 17509718203 a composite number?
True
Is 1235847727 a prime number?
True
Is 7889458469 a composite number?
False
Is 626718361 composite?
True
Is 66928559354 composite?
True
Is 358470811 a prime number?
True
Is 80650664351 prime?
True
Is 6312907291 a prime number?
False
Is 19954397731 prime?
False
Is 12786541973 composite?
True
Is 13015991437 composite?
False
Is 418377263 composite?
True
Is 566667301 a prime number?
True
Is 595660759 composite?
False
Is 9297488815 a composite number?
True
Is 9515972633 a composite number?
False
Is 927753649 prime?
True
Is 27456888493 prime?
True
Is 114840115169 a prime number?
False
Is 264917970689 a prime number?
True
Is 20231581477 a prime number?
True
Is 4781378963 prime?
True
Is 1184522831 prime?
True
Is 2934471899 composite?
False
Is 1074922129 composite?
False
Is 461308801 composite?
True
Is 111868801481 a composite number?
False
Is 589962229 a composite number?
False
Is 25194112469 a prime number?
False
Is 1710342379 a prime number?
True
Is 2198353991 prime?
True
Is 60125394709 a prime number?
True
Is 15571151623 a prime number?
True
Is 616915463 a prime number?
False
Is 16174816877 a composite number?
True
Is 234287459 a prime number?
False
Is 8465021 prime?
False
Is 60255186679 composite?
False
Is 1132088653 a composite number?
False
